= -3927*c**3 + 43*c**2 + 86*c + 2. What is the ten thousands digit of f(-2)?
3
Suppose 6*k - 20 = 10*k. Let b be ((-760)/k)/((-2)/(4/(-2))). Suppose b - 28 = 2*o. What is the tens digit of o?
6
Let w = 304293 + -217150. What is the units digit of (2/7)/(59/w)?
2
What is the ten thousands digit of (-180)/(-15) + -5 + 16807 + 0?
1
What is the hundreds digit of 19844 - (-24)/42*-14?
8
Let q = -8 + -18. Let r be (-88)/(-11) + -269 + -3. Let h = q - r. What is the hundreds digit of h?
2
Suppose 0*m = -2*r + 3*m, -4*r + 5*m = 0. Suppose r = -8*q + 6*q. Suppose q = -3*j - 3*x + 168, x + 0 = 2. What is the units digit of j?
4
Let k(h) = -654*h**2 - h + 22772. What is the thousands digit of k(0)?
2
Suppose 8 = 5*d - 3*d. Suppose 33 = d*o + a, -3*a - 13 = 2*o - 6*o. Suppose 4*b - o*b + 717 = 0. What is the units digit of b?
9
Let j be 20/(-25)*(0 + (-10)/(-4)). Let d be 3/j*(-318)/(-9). Let a = -15 - d. What is the tens digit of a?
3
Let h = -112367 - -201604. What is the hundreds digit of h?
2
Suppose -3*m - 4*x = 0, -5*m - 5 = -7*m - x. Suppose 24 - m = -5*v. What is the tens digit of v + 9/3 + 48 + 0?
4
What is the units digit of -1*-1*(-10 + 2790)?
0
Suppose -i + 34 = -5*k - 11, -5*i - 4*k = -370. Suppose 20 = 5*u - i. Let s = 36 - u. What is the units digit of s?
8
Let x = -82 + 186. Let u = -78 + x. Suppose u*r - 2050 = 16*r. What is the hundreds digit of r?
2
Let r(k) = -k**3 + 12*k**2 + k - 7. Let v be r(12). Suppose -4*m + 3 + 6 = 3*z, -v = z. What is the tens digit of 282/9 - (-4)/m?
3
What is the units digit of 9/2 + (-228)/152 + 15160?
3
Suppose 11 = n + 4*m, -m + 0*m = 5*n + 2. Suppose -2*r = 2*j - 26, -5*r + 44 = 77*j - 79*j. What is the tens digit of 8 + r + (-3 - -2) + n?
1
Let y = -5326 + 9412. What is the units digit of y?
6
Let x = 36 - 36. Suppose 2*m = -3*l, x*m = -2*l + 5*m. Suppose -58 + 180 = 5*j - 3*z, l = -j - 2*z + 14. What is the tens digit of j?
2
Let l be 2 - (3 - -143)/(-1). Let x(p) = 6*p**2 - 14*p + 2. Let i be x(5). Let k = l - i. What is the units digit of k?
6
Suppose 0 = -25*f + 7 + 43. What is the tens digit of (51/(-2))/(1/(f - 12))?
5
Let o be (-4)/1*(-18)/24. Suppose 5*i = o*d + 16, 3*d + 2*i - 11 = 8. Suppose 2*q - 259 = -d*n - 66, 4*q = -n + 71. What is the units digit of n?
3
Suppose 4140 = 3*y + 3*z, -3*y = -3*z + z - 4135. What is the tens digit of y?
7
Let f(d) = 2*d + 7. Let x be f(16). Let j = x - -85. Let o = j - 83. What is the units digit of o?
1
What is the units digit of (140/(-8) + 16 + (-91)/(-6))*36?
2
Let o = -213 - -447. Let i(s) = s - 11. Let x be i(12). What is the tens digit of o/3 + (-4)/x?
7
Suppose 7*p - 35166 + 2329 = 0. What is the thousands digit of p?
4
What is the thousands digit of (-4)/(-3) - (3853696/66)/(-17)?
3
Let f be 1/((2/(-20))/(-1)). Suppose -f*o = -51 - 469. What is the units digit of o?
2
Suppose 40*r = 15*r + 2400. Suppose r*d = 102*d - 5232. What is the tens digit of d?
7
Let x(g) be the third derivative of 101*g**4/24 - 73*g**3 - g**2 + 13*g. What is the tens digit of x(12)?
7
Let w = 607 + -300. Let s = w + -124. What is the tens digit of s?
8
Suppose 33*l + 3*w - 13716 = 28*l, 8232 = 3*l + 3*w. Suppose x + 5*x - l = 0. What is the hundreds digit of x?
4
Suppose -21 = 3*a - 3*p, -3*p + 29 = -5*a + 2. Let c = a - -61. Let d = c - -27. What is the units digit of d?
5
Let r(x) = 786*x**2 - 45*x - 89. What is the tens digit of r(-3)?
2
Let i be (-2)/4 + 0 + 763/14. Suppose -26 = 8*w + i. Let g(n) = -n**2 - 15*n - 13. What is the tens digit of g(w)?
3
Let q be 210/2*((-80)/25)/(-8). Let h = q + 37. Let t = h - 58. What is the units digit of t?
1
Let r = 112 - 108. What is the tens digit of 4 + r/4*229?
3
Let i = 6079 - 2332. What is the thousands digit of i?
3
Suppose -106*g = 153138 - 1303300 - 865958. What is the units digit of g?
0
Let a(l) be the second derivative of -20*l**3/3 + 57*l**2/2 + 11*l + 1. What is the tens digit of a(-5)?
5
Let x(r) be the first derivative of -55*r**2/2 - 255*r - 39. What is the hundreds digit of x(-19)?
7
Suppose 0 = 8*n - n - 6643. Let m = n + -594. What is the hundreds digit of m?
3
Suppose 0 = -4*d - 5*u + 56318, 13*u - 10*u - 70404 = -5*d. What is the ten thousands digit of d?
1
Let o(s) = 21*s + 5. Let q = 9 + -7. Let v be o(q). Suppose 2*r - 13 = v. What is the tens digit of r?
3
Suppose 11*c - 825 = 14*c. Let v = 802 + c. What is the hundreds digit of v?
5
Suppose 4*s + 5*r - 8 + 3 = 0, -3*s - 4 = -4*r. Suppose 2*k + o - 21 = s, -2*k - o = 2*o - 27. Suppose -k*y + 145 = -4*y. What is the tens digit of y?
2
Let z = -2534 - -7923. What is the thousands digit of z?
5
Let z(s) = -604*s + 18991. What is the tens digit of z(0)?
9
Let n(m) be the first derivative of -215*m**2/2 + 6*m - 168. What is the units digit of n(-5)?
1
Suppose 129*u - 2*n = 132*u - 57857, -3*n - 77171 = -4*u. What is the thousands digit of u?
9
Suppose -33*i = 91177 - 315874. What is the thousands digit of i?
6
Let g(f) = -19*f**2 + 1. Let j(z) = -18*z**2 + z. Let n(h) = -4*g(h) + 5*j(h). Let t be n(2). What is the hundreds digit of -18*t/(-15)*-3?
1
Let f(p) = 6*p**2 - 9*p - 15. Let v be f(-6). Suppose 0 = -3*y - 5*q + 145, -5*q = 5*y - 0*q - v. What is the units digit of y?
5
Suppose -26*b + 115874 = 20*b. What is the tens digit of b?
1
Let y = -38 + 39. Let f be (8 - 10)/(y + -2). Suppose -9*i + 259 = -f*i. What is the units digit of i?
7
Let o(m) be the first derivative of m**4/4 + 23*m**3/3 + 15*m**2/2 + 16*m + 63. What is the tens digit of o(-6)?
3
Suppose 294*s - 210*s = 1916208. What is the units digit of s?
2
Let k be (-18)/(-18) - (-2 - -1). Let q be (1 - 0 - -185) + k. Let p = q - 110. What is the tens digit of p?
7
Let a = 83 + -83. Suppose a = 4*p + 11*p - 5730. What is the units digit of p?
2
Suppose -25*f + 268914 = -167486. What is the units digit of f?
6
Let r be 6/(-15) - 420/(-50). Let g(i) = -14*i + r*i + 179 + i. What is the tens digit of g(0)?
7
Suppose 0 = v - 9*v + 40. Suppose -q + 2*i = -3*i - 463, -5*q - v*i = -2375. What is the units digit of q?
3
Let m = 30 + -10. What is the units digit of 25/(m/4) + 305?
0
Let g = 98 - -393. Suppose 3045 = 3*b + 4*q, b + 3*q - 519 = g. What is the units digit of b?
9
Let t(k) = k**3 - 3*k**2 - 3*k + 11. Let q be t(3). Suppose q*o - u - 548 = 0, 4*u - 7*u = -4*o + 1094. What is the hundreds digit of o?
2
Let s be 6/((18/267)/(-3)). Let x = -163 - s. What is the hundreds digit of x?
1
Suppose -11955*x - 113451 = -11968*x. What is the tens digit of x?
2
Suppose -4*o + 71 = -3*s, -15*s + 17*s = o - 24. Let k(f) = -f**3 + 15*f**2 - 8*f - 19. What is the tens digit of k(o)?
6
Let r(z) = 2*z**2 - 26*z + 4191. What is the tens digit of r(0)?
9
Suppose u - 240 = -4*u. What is the units digit of 789/(12*6/u)?
6
Suppose -474 = 5*n - 3*d, 106 = -2*n + n - 5*d. Let x be 4/(-6)*n/16. Suppose 2*b = -2*t + 276, -x*b - 3*t + 731 - 182 = 0. What is the units digit of b?
5
Let m = -675 - -373. Let k = m - -692. What is the hundreds digit of k?
3
Let i(m) = 84*m**2 + 4*m - 8. Let p = 14 - 12. What is the hundreds digit of i(p)?
3
Let w = 8895 + -3768. What is the units digit of w?
7
Let h(q) = 21*q**2 - 22*q**2 + 4 + 17*q + 10 - 6*q. Let a be h(12). Suppose 3*s - r = -a*r + 391, 3*r - 399 = -3*s. What is the units digit of s?
9
Let s = -34250 - -85696. What is the ten thousands digit of s?
5
Suppose -13*b = -20*b - 4375. Let r = b + 1136. What is the hundreds digit of r?
5
Let k = 608 - 378. Suppose 0 = -4*c + k + 702. What is the tens digit of c?
3
Suppose 9*y - 5*y - 4576 = 0. Let r = y - 150. What is the units digit of r?
4
Let g be (-7)/(27 + -6) + (-2407)/(-3). Suppose 0 = -23*c + 1360 + g. What is the units digit of c?
4
Suppose -8*g - 353 = -945. Suppose -v - 69 = -g. Suppose -433 = -2*f - 8*n + 7*n, -v*f + n = -1065. What is the tens digit of f?
1
Let t(r) = r**3 - 3*r**2 + 2*r - 1. Suppose m + 23 = 26. Let g be t(m). Suppose 0*u - 26 = -g*q - 4*u, -q + 3*u - 10 = 0. What is the units digit of q?
2
Let y(i) = -12*i - i**2 - 19 + 17*i + 49*i. What is the units digit of y(19)?
6
Let m be 2043/18*2 + 1. Let y(l) = -14*l**2 + 1. Let b be y(3). Let u = b + m. What is the units digit of u?
3
Let c = -188 + 190. What is the tens digit of 27/135 - (c + 658/(-10))?
6
Suppose 52 = q - 32. Let m be q/(-9)*(-36)/14. Let i